t is the hundreds digit of 28629965?
9
What is the units digit of 3095691?
1
What is the ten thousands digit of 92971?
9
What is the tens digit of 218913?
1
What is the millions digit of 3485237?
3
What is the millions digit of 1687266?
1
What is the hundreds digit of 809935?
9
What is the tens digit of 1611540?
4
What is the millions digit of 4384027?
4
What is the millions digit of 12684199?
2
What is the units digit of 2756591?
1
What is the tens digit of 815602?
0
What is the tens digit of 4222537?
3
What is the hundreds digit of 69336?
3
What is the ten thousands digit of 5025671?
2
What is the ten millions digit of 23748655?
2
What is the tens digit of 261675?
7
What is the hundreds digit of 9065363?
3
What is the hundred thousands digit of 1364954?
3
What is the millions digit of 3875752?
3
What is the millions digit of 8456238?
8
What is the tens digit of 503819?
1
What is the hundreds digit of 1530693?
6
What is the thousands digit of 520722?
0
What is the thousands digit of 6607195?
7
What is the hundreds digit of 331837?
8
What is the tens digit of 9799853?
5
What is the ten thousands digit of 4497215?
9
What is the hundreds digit of 5102026?
0
What is the thousands digit of 944815?
4
What is the thousands digit of 505311?
5
What is the ten thousands digit of 8024550?
2
What is the hundreds digit of 49859?
8
What is the hundred thousands digit of 336141?
3
What is the ten thousands digit of 185699?
8
What is the tens digit of 8355405?
0
What is the thousands digit of 4274041?
4
What is the thousands digit of 209450?
9
What is the hundreds digit of 1266492?
4
What is the hundreds digit of 6127173?
1
What is the hundreds digit of 26469?
4
What is the ten thousands digit of 1358964?
5
What is the hundred thousands digit of 2661218?
6
What is the ten thousands digit of 82316?
8
What is the units digit of 811709?
9
What is the ten thousands digit of 10637849?
3
What is the tens digit of 502753?
5
What is the ten thousands digit of 574681?
7
What is the millions digit of 2113408?
2
What is the units digit of 3599168?
8
What is the hundreds digit of 40856?
8
What is the hundred thousands digit of 3343451?
3
What is the tens digit of 10920005?
0
What is the tens digit of 834335?
3
What is the millions digit of 9362711?
9
What is the tens digit of 120796?
9
What is the tens digit of 232227?
2
What is the tens digit of 292572?
7
What is the hundreds digit of 21448989?
9
What is the ten thousands digit of 1037960?
3
What is the units digit of 12709951?
1
What is the thousands digit of 2757764?
7
What is the thousands digit of 15854024?
4
What is the hundreds digit of 121997?
9
What is the hundreds digit of 241520?
5
What is the ten thousands digit of 9113929?
1
What is the thousands digit of 31136?
1
What is the hundred thousands digit of 3183609?
1
What is the hundreds digit of 23279?
2
What is the thousands digit of 165722?
5
What is the tens digit of 943506?
0
What is the ten thousands digit of 664963?
6
What is the thousands digit of 2462122?
2
What is the hundred thousands digit of 2699308?
6
What is the hundreds digit of 400630?
6
What is the units digit of 177876?
6
What is the hundreds digit of 406462?
4
What is the tens digit of 27435312?
1
What is the thousands digit of 2023020?
3
What is the hundred thousands digit of 476556?
4
What is the hundreds digit of 16360690?
6
What is the thousands digit of 260697?
0
What is the hundred thousands digit of 301184?
3
What is the tens digit of 32553?
5
What is the thousands digit of 12822860?
2
What is the thousands digit of 133627?
3
What is the units digit of 1942331?
1
What is the millions digit of 24688073?
4
What is the hundreds digit of 9764423?
4
What is the ten thousands digit of 5380417?
8
What is the tens digit of 27449029?
2
What is the hundreds digit of 5786252?
2
What is the hundred thousands digit of 6158517?
1
What is the thousands digit of 496786?
6
What is the thousands digit of 91666?
1
What is the hundreds digit of 106513?
5
What is the thousands digit of 2333866?
3
What is the ten thousands digit of 5317594?
1
What is the millions digit of 1197089?
1
What is the hundred thousands digit of 3047499?
0
What is the units digit of 291976?
6
What is the hundreds digit of 10562386?
3
What is the units digit of 65057?
7
What is the ten thousands digit of 208577?
0
What is the units digit of 88293?
3
What is the hundred thousands digit of 25583979?
5
What is the ten thousands digit of 437239?
3
What is the tens digit of 4791230?
3
What is the ten thousands digit of 51258?
5
What is the hundred thousands digit of 4540995?
5
What is the ten millions digit of 12896204?
1
What is the hundred thousands digit of 640599?
6
What is the thousands digit of 1057574?
7
What is the thousands digit of 1756948?
6
What is the units digit of 1253800?
0
What is the ten thousands digit of 10737?
1
What is the tens digit of 120219?
1
What is the tens digit of 6971542?
4
What is the millions digit of 1239970?
1
What is the millions digit of 3306935?
3
What is the hundred thousands digit of 616709?
6
What is the hundreds digit of 4755422?
4
What is the ten thousands digit of 141857?
4
What is the tens digit of 184800?
0
What is the hundred thousands digit of 240557?
2
What is the ten thousands digit of 15123?
1
What is the hundreds digit of 268084?
0
What is the ten thousands digit of 212306?
1
What is the hundred thousands digit of 11575953?
5
What is the thousands digit of 417234?
7
What is the hundreds digit of 4141480?
4
What is the tens digit of 168892?
9
What is the hundreds digit of 6006100?
1
What is the tens digit of 3978828?
2
What is the hundred thousands digit of 10919373?
9
What is the tens digit of 1527362?
6
What is the tens digit of 17356659?
5
What is the ten millions digit of 12216002?
1
What is the hundreds digit of 16214973?
9
What is the tens digit of 2732494?
9
What is the hundred thousands digit of 311575?
3
What is the thousands digit of 9721016?
1
What is the tens digit of 11184580?
8
What is the ten thousands digit of 33697426?
9
What is the units digit of 205303?
3
What is the thousands digit of 25674?
5
What is the tens digit of 225188?
8
What is the hundreds digit of 168072?
0
What is the hundred thousands digit of 6850635?
8
What is the hundred thousands digit of 7998179?
9
What is the hundred thousands digit of 1697430?
6
What is the millions digit of 4234649?
4
What is the hundreds digit of 136872?
8
What is the tens digit of 1423902?
0
What is the hundred thousands digit of 454006?
4
What is the millions digit of 33816769?
3
What is the units digit of 373791?
1
What is the hundreds digit of 1086243?
2
What is the thousands digit of 733253?
3
What is the ten thousands digit of 2104979?
0
What is the hundreds digit of 31618163?
1
What is the tens digit of 5173597?
9
What is the units digit of 54774?
4
What is the hundred thousands digit of 5731204?
7
What is the units digit of 47388?
8
What is the tens digit of 4656185?
8
What is the units digit of 1006234?
4
What is the ten thousands digit of 198027?
9
What is the ten thousands digit of 14859632?
5
What is the units digit of 95462?
2
What is the hundred thousands digit of 8551836?
5
What is the tens digit of 2588185?
8
What is the tens digit of 60443?
4
What is the millions digit of 12933693?
2
What is the hundreds digit of 2327963?
9
What is the millions digit of 5338502?
5
What is the tens digit of 3007111?
1
What is the tens digit of 13295135?
3
What is the tens digit of 32896282?
8
What is the thousands digit of 1063159?
3
What is the tens digit of 1252166?
6
What is the ten thousands digit of 573187?
7
What is the units digit of 5557193?
3
What is the millions digit of 3615429?
3
What is the tens digit of 1067190?
9
What is the units digit of 529705?
5
What is the hundreds digit of 3317467?
4
What is the tens digit of 9050?
5
What is the units digit of 7885?
5
What is the units digit of 13175202?
2
What is the hundreds digit of 294150?
1
What is the hundreds digit of 30879802?
8
What is the thousands digit of 2157131?
7
What is the units digit of 4970359?
9
What is the hundreds digit of 3217488?
4
What is the ten thousands digit of 49517?
4
What is the thousands digit of 60335?
0
What is the ten thousands digit o